{"id":6626,"date":"2022-04-03T21:31:03","date_gmt":"2022-04-03T21:31:03","guid":{"rendered":"https:\/\/cyclingcambrils.com\/ruta\/coneixent-prades\/"},"modified":"2023-04-07T13:48:48","modified_gmt":"2023-04-07T13:48:48","slug":"coneixent-prades","status":"publish","type":"ruta","link":"https:\/\/cyclingcambrils.com\/ca\/ruta\/coneixent-prades\/","title":{"rendered":"Coneixent Prades"},"content":{"rendered":"<p>Descripci\u00f3 llarga i estesa de la ruta.<\/p>\n","protected":false},"excerpt":{"rendered":"<p>Una ruta per gaudir del paisatge del Priorat. Carreteres agradables, sinuoses i amb constants desnivells, envoltades de camps de vinyes. Els quil\u00f2metres passen r\u00e0pidament, sense adonar-nos-en. El paisatge canvia constantment, i la proximitat entre pobles fa distret el trajecte. A la tardor, l&#8217;olor del ra\u00efm premsat despr\u00e9s de la verema s&#8217;est\u00e9n per tota la comarca. Un cop coronem la Teixeta, el descens fins al pant\u00e0 de Riudecanyes ens fa gaudir de la velocitat i nom\u00e9s ens queda un terreny favorable fins arribar a Cambrils.<\/p>\n","protected":false},"featured_media":4681,"template":"","categories":[106],"class_list":["post-6626","ruta","type-ruta","status-publish","has-post-thumbnail","hentry","category-rutes-carretera"],"acf":[],"yoast_head":"<!-- This site is optimized with the Yoast SEO plugin v27.4 - https:\/\/yoast.com\/product\/yoast-seo-wordpress\/ -->\n<title>Coneixent Prades - Cambrils Cycling Paradise<\/title>\n<meta name=\"robots\" content=\"index, follow, max-snippet:-1, max-image-preview:large, max-video-preview:-1\" \/>\n<link rel=\"canonical\" href=\"https:\/\/cyclingcambrils.com\/ca\/ruta\/coneixent-prades\/\" \/>\n<meta property=\"og:locale\" content=\"ca_ES\" \/>\n<meta property=\"og:type\" content=\"article\" \/>\n<meta property=\"og:title\" content=\"Coneixent Prades - Cambrils Cycling Paradise\" \/>\n<meta property=\"og:description\" content=\"Una ruta per gaudir del paisatge del Priorat. Carreteres agradables, sinuoses i amb constants desnivells, envoltades de camps de vinyes. Els quil\u00f2metres passen r\u00e0pidament, sense adonar-nos-en. El paisatge canvia constantment, i la proximitat entre pobles fa distret el trajecte. A la tardor, l&#039;olor del ra\u00efm premsat despr\u00e9s de la verema s&#039;est\u00e9n per tota la comarca. Un cop coronem la Teixeta, el descens fins al pant\u00e0 de Riudecanyes ens fa gaudir de la velocitat i nom\u00e9s ens queda un terreny favorable fins arribar a Cambrils.\" \/>\n<meta property=\"og:url\" content=\"https:\/\/cyclingcambrils.com\/ca\/ruta\/coneixent-prades\/\" \/>\n<meta property=\"og:site_name\" content=\"Cambrils Cycling Paradise\" \/>\n<meta property=\"article:publisher\" content=\"https:\/\/www.facebook.com\/CambrilsTurisme\/\" \/>\n<meta property=\"article:modified_time\" content=\"2023-04-07T13:48:48+00:00\" \/>\n<meta property=\"og:image\" content=\"https:\/\/cyclingcambrils.com\/wp-content\/uploads\/2022\/04\/6023125Master.jpg\" \/>\n\t<meta property=\"og:image:width\" content=\"1000\" \/>\n\t<meta property=\"og:image:height\" content=\"667\" \/>\n\t<meta property=\"og:image:type\" content=\"image\/jpeg\" \/>\n<meta name=\"twitter:card\" content=\"summary_large_image\" \/>\n<script type=\"application\/ld+json\" class=\"yoast-schema-graph\">{\"@context\":\"https:\\\/\\\/schema.org\",\"@graph\":[{\"@type\":\"WebPage\",\"@id\":\"https:\\\/\\\/cyclingcambrils.com\\\/ca\\\/ruta\\\/coneixent-prades\\\/\",\"url\":\"https:\\\/\\\/cyclingcambrils.com\\\/ca\\\/ruta\\\/coneixent-prades\\\/\",\"name\":\"Coneixent Prades - Cambrils Cycling Paradise\",\"isPartOf\":{\"@id\":\"https:\\\/\\\/cyclingcambrils.com\\\/ca\\\/#website\"},\"primaryImageOfPage\":{\"@id\":\"https:\\\/\\\/cyclingcambrils.com\\\/ca\\\/ruta\\\/coneixent-prades\\\/#primaryimage\"},\"image\":{\"@id\":\"https:\\\/\\\/cyclingcambrils.com\\\/ca\\\/ruta\\\/coneixent-prades\\\/#primaryimage\"},\"thumbnailUrl\":\"https:\\\/\\\/cyclingcambrils.com\\\/wp-content\\\/uploads\\\/2022\\\/04\\\/6023125Master.jpg\",\"datePublished\":\"2022-04-03T21:31:03+00:00\",\"dateModified\":\"2023-04-07T13:48:48+00:00\",\"breadcrumb\":{\"@id\":\"https:\\\/\\\/cyclingcambrils.com\\\/ca\\\/ruta\\\/coneixent-prades\\\/#breadcrumb\"},\"inLanguage\":\"ca\",\"potentialAction\":[{\"@type\":\"ReadAction\",\"target\":[\"https:\\\/\\\/cyclingcambrils.com\\\/ca\\\/ruta\\\/coneixent-prades\\\/\"]}]},{\"@type\":\"ImageObject\",\"inLanguage\":\"ca\",\"@id\":\"https:\\\/\\\/cyclingcambrils.com\\\/ca\\\/ruta\\\/coneixent-prades\\\/#primaryimage\",\"url\":\"https:\\\/\\\/cyclingcambrils.com\\\/wp-content\\\/uploads\\\/2022\\\/04\\\/6023125Master.jpg\",\"contentUrl\":\"https:\\\/\\\/cyclingcambrils.com\\\/wp-content\\\/uploads\\\/2022\\\/04\\\/6023125Master.jpg\",\"width\":1000,\"height\":667},{\"@type\":\"BreadcrumbList\",\"@id\":\"https:\\\/\\\/cyclingcambrils.com\\\/ca\\\/ruta\\\/coneixent-prades\\\/#breadcrumb\",\"itemListElement\":[{\"@type\":\"ListItem\",\"position\":1,\"name\":\"Portada\",\"item\":\"https:\\\/\\\/cyclingcambrils.com\\\/ca\\\/\"},{\"@type\":\"ListItem\",\"position\":2,\"name\":\"Coneixent Prades\"}]},{\"@type\":\"WebSite\",\"@id\":\"https:\\\/\\\/cyclingcambrils.com\\\/ca\\\/#website\",\"url\":\"https:\\\/\\\/cyclingcambrils.com\\\/ca\\\/\",\"name\":\"Cambrils Cycling Paradise\",\"description\":\"Descubre el para\u00edso del ciclista\",\"publisher\":{\"@id\":\"https:\\\/\\\/cyclingcambrils.com\\\/ca\\\/#organization\"},\"potentialAction\":[{\"@type\":\"SearchAction\",\"target\":{\"@type\":\"EntryPoint\",\"urlTemplate\":\"https:\\\/\\\/cyclingcambrils.com\\\/ca\\\/?s={search_term_string}\"},\"query-input\":{\"@type\":\"PropertyValueSpecification\",\"valueRequired\":true,\"valueName\":\"search_term_string\"}}],\"inLanguage\":\"ca\"},{\"@type\":\"Organization\",\"@id\":\"https:\\\/\\\/cyclingcambrils.com\\\/ca\\\/#organization\",\"name\":\"Cambrils Cycling Paradise\",\"url\":\"https:\\\/\\\/cyclingcambrils.com\\\/ca\\\/\",\"logo\":{\"@type\":\"ImageObject\",\"inLanguage\":\"ca\",\"@id\":\"https:\\\/\\\/cyclingcambrils.com\\\/ca\\\/#\\\/schema\\\/logo\\\/image\\\/\",\"url\":\"https:\\\/\\\/cyclingcambrils.com\\\/wp-content\\\/uploads\\\/2023\\\/04\\\/logo-cambrils-cycling-paradise.png\",\"contentUrl\":\"https:\\\/\\\/cyclingcambrils.com\\\/wp-content\\\/uploads\\\/2023\\\/04\\\/logo-cambrils-cycling-paradise.png\",\"width\":600,\"height\":196,\"caption\":\"Cambrils Cycling Paradise\"},\"image\":{\"@id\":\"https:\\\/\\\/cyclingcambrils.com\\\/ca\\\/#\\\/schema\\\/logo\\\/image\\\/\"},\"sameAs\":[\"https:\\\/\\\/www.facebook.com\\\/CambrilsTurisme\\\/\",\"https:\\\/\\\/www.instagram.com\\\/cambrilsturisme\"]}]}<\/script>\n<!-- \/ Yoast SEO plugin. -->","yoast_head_json":{"title":"Coneixent Prades - Cambrils Cycling Paradise","robots":{"index":"index","follow":"follow","max-snippet":"max-snippet:-1","max-image-preview":"max-image-preview:large","max-video-preview":"max-video-preview:-1"},"canonical":"https:\/\/cyclingcambrils.com\/ca\/ruta\/coneixent-prades\/","og_locale":"ca_ES","og_type":"article","og_title":"Coneixent Prades - Cambrils Cycling Paradise","og_description":"Una ruta per gaudir del paisatge del Priorat. Carreteres agradables, sinuoses i amb constants desnivells, envoltades de camps de vinyes. Els quil\u00f2metres passen r\u00e0pidament, sense adonar-nos-en. El paisatge canvia constantment, i la proximitat entre pobles fa distret el trajecte. A la tardor, l'olor del ra\u00efm premsat despr\u00e9s de la verema s'est\u00e9n per tota la comarca. Un cop coronem la Teixeta, el descens fins al pant\u00e0 de Riudecanyes ens fa gaudir de la velocitat i nom\u00e9s ens queda un terreny favorable fins arribar a Cambrils.","og_url":"https:\/\/cyclingcambrils.com\/ca\/ruta\/coneixent-prades\/","og_site_name":"Cambrils Cycling Paradise","article_publisher":"https:\/\/www.facebook.com\/CambrilsTurisme\/","article_modified_time":"2023-04-07T13:48:48+00:00","og_image":[{"width":1000,"height":667,"url":"https:\/\/cyclingcambrils.com\/wp-content\/uploads\/2022\/04\/6023125Master.jpg","type":"image\/jpeg"}],"twitter_card":"summary_large_image","schema":{"@context":"https:\/\/schema.org","@graph":[{"@type":"WebPage","@id":"https:\/\/cyclingcambrils.com\/ca\/ruta\/coneixent-prades\/","url":"https:\/\/cyclingcambrils.com\/ca\/ruta\/coneixent-prades\/","name":"Coneixent Prades - Cambrils Cycling Paradise","isPartOf":{"@id":"https:\/\/cyclingcambrils.com\/ca\/#website"},"primaryImageOfPage":{"@id":"https:\/\/cyclingcambrils.com\/ca\/ruta\/coneixent-prades\/#primaryimage"},"image":{"@id":"https:\/\/cyclingcambrils.com\/ca\/ruta\/coneixent-prades\/#primaryimage"},"thumbnailUrl":"https:\/\/cyclingcambrils.com\/wp-content\/uploads\/2022\/04\/6023125Master.jpg","datePublished":"2022-04-03T21:31:03+00:00","dateModified":"2023-04-07T13:48:48+00:00","breadcrumb":{"@id":"https:\/\/cyclingcambrils.com\/ca\/ruta\/coneixent-prades\/#breadcrumb"},"inLanguage":"ca","potentialAction":[{"@type":"ReadAction","target":["https:\/\/cyclingcambrils.com\/ca\/ruta\/coneixent-prades\/"]}]},{"@type":"ImageObject","inLanguage":"ca","@id":"https:\/\/cyclingcambrils.com\/ca\/ruta\/coneixent-prades\/#primaryimage","url":"https:\/\/cyclingcambrils.com\/wp-content\/uploads\/2022\/04\/6023125Master.jpg","contentUrl":"https:\/\/cyclingcambrils.com\/wp-content\/uploads\/2022\/04\/6023125Master.jpg","width":1000,"height":667},{"@type":"BreadcrumbList","@id":"https:\/\/cyclingcambrils.com\/ca\/ruta\/coneixent-prades\/#breadcrumb","itemListElement":[{"@type":"ListItem","position":1,"name":"Portada","item":"https:\/\/cyclingcambrils.com\/ca\/"},{"@type":"ListItem","position":2,"name":"Coneixent Prades"}]},{"@type":"WebSite","@id":"https:\/\/cyclingcambrils.com\/ca\/#website","url":"https:\/\/cyclingcambrils.com\/ca\/","name":"Cambrils Cycling Paradise","description":"Descubre el para\u00edso del ciclista","publisher":{"@id":"https:\/\/cyclingcambrils.com\/ca\/#organization"},"potentialAction":[{"@type":"SearchAction","target":{"@type":"EntryPoint","urlTemplate":"https:\/\/cyclingcambrils.com\/ca\/?s={search_term_string}"},"query-input":{"@type":"PropertyValueSpecification","valueRequired":true,"valueName":"search_term_string"}}],"inLanguage":"ca"},{"@type":"Organization","@id":"https:\/\/cyclingcambrils.com\/ca\/#organization","name":"Cambrils Cycling Paradise","url":"https:\/\/cyclingcambrils.com\/ca\/","logo":{"@type":"ImageObject","inLanguage":"ca","@id":"https:\/\/cyclingcambrils.com\/ca\/#\/schema\/logo\/image\/","url":"https:\/\/cyclingcambrils.com\/wp-content\/uploads\/2023\/04\/logo-cambrils-cycling-paradise.png","contentUrl":"https:\/\/cyclingcambrils.com\/wp-content\/uploads\/2023\/04\/logo-cambrils-cycling-paradise.png","width":600,"height":196,"caption":"Cambrils Cycling Paradise"},"image":{"@id":"https:\/\/cyclingcambrils.com\/ca\/#\/schema\/logo\/image\/"},"sameAs":["https:\/\/www.facebook.com\/CambrilsTurisme\/","https:\/\/www.instagram.com\/cambrilsturisme"]}]}},"_links":{"self":[{"href":"https:\/\/cyclingcambrils.com\/ca\/wp-json\/wp\/v2\/ruta\/6626","targetHints":{"allow":["GET"]}}],"collection":[{"href":"https:\/\/cyclingcambrils.com\/ca\/wp-json\/wp\/v2\/ruta"}],"about":[{"href":"https:\/\/cyclingcambrils.com\/ca\/wp-json\/wp\/v2\/types\/ruta"}],"wp:featuredmedia":[{"embeddable":true,"href":"https:\/\/cyclingcambrils.com\/ca\/wp-json\/wp\/v2\/media\/4681"}],"wp:attachment":[{"href":"https:\/\/cyclingcambrils.com\/ca\/wp-json\/wp\/v2\/media?parent=6626"}],"wp:term":[{"taxonomy":"category","embeddable":true,"href":"https:\/\/cyclingcambrils.com\/ca\/wp-json\/wp\/v2\/categories?post=6626"}],"curies":[{"name":"wp","href":"https:\/\/api.w.org\/{rel}","templated":true}]}}

<p>Descripció llarga i estesa de la ruta.</p>

<p>Una ruta per gaudir del paisatge del Priorat. Carreteres agradables, sinuoses i amb constants desnivells, envoltades de camps de vinyes. Els quilòmetres passen ràpidament, sense adonar-nos-en. El paisatge canvia constantment, i la proximitat entre pobles fa distret el trajecte. A la tardor, l&#8217;olor del raïm premsat després de la verema s&#8217;estén per tota la comarca. Un cop coronem la Teixeta, el descens fins al pantà de Riudecanyes ens fa gaudir de la velocitat i només ens queda un terreny favorable fins arribar a Cambrils.</p>

<!-- This site is optimized with the Yoast SEO plugin v27.4 - https://yoast.com/product/yoast-seo-wordpress/ -->
<title>Coneixent Prades - Cambrils Cycling Paradise</title>
<meta name="robots" content="index, follow, max-snippet:-1, max-image-preview:large, max-video-preview:-1" />
<link rel="canonical" href="https://cyclingcambrils.com/ca/ruta/coneixent-prades/" />
<meta property="og:locale" content="ca_ES" />
<meta property="og:type" content="article" />
<meta property="og:title" content="Coneixent Prades - Cambrils Cycling Paradise" />
<meta property="og:description" content="Una ruta per gaudir del paisatge del Priorat. Carreteres agradables, sinuoses i amb constants desnivells, envoltades de camps de vinyes. Els quilòmetres passen ràpidament, sense adonar-nos-en. El paisatge canvia constantment, i la proximitat entre pobles fa distret el trajecte. A la tardor, l&#039;olor del raïm premsat després de la verema s&#039;estén per tota la comarca. Un cop coronem la Teixeta, el descens fins al pantà de Riudecanyes ens fa gaudir de la velocitat i només ens queda un terreny favorable fins arribar a Cambrils." />
<meta property="og:url" content="https://cyclingcambrils.com/ca/ruta/coneixent-prades/" />
<meta property="og:site_name" content="Cambrils Cycling Paradise" />
<meta property="article:publisher" content="https://www.facebook.com/CambrilsTurisme/" />
<meta property="article:modified_time" content="2023-04-07T13:48:48+00:00" />
<meta property="og:image" content="https://cyclingcambrils.com/wp-content/uploads/2022/04/6023125Master.jpg" />
	<meta property="og:image:width" content="1000" />
	<meta property="og:image:height" content="667" />
	<meta property="og:image:type" content="image/jpeg" />
<meta name="twitter:card" content="summary_large_image" />
<script type="application/ld+json" class="yoast-schema-graph">{"@context":"https:\/\/schema.org","@graph":[{"@type":"WebPage","@id":"https:\/\/cyclingcambrils.com\/ca\/ruta\/coneixent-prades\/","url":"https:\/\/cyclingcambrils.com\/ca\/ruta\/coneixent-prades\/","name":"Coneixent Prades - Cambrils Cycling Paradise","isPartOf":{"@id":"https:\/\/cyclingcambrils.com\/ca\/#website"},"primaryImageOfPage":{"@id":"https:\/\/cyclingcambrils.com\/ca\/ruta\/coneixent-prades\/#primaryimage"},"image":{"@id":"https:\/\/cyclingcambrils.com\/ca\/ruta\/coneixent-prades\/#primaryimage"},"thumbnailUrl":"https:\/\/cyclingcambrils.com\/wp-content\/uploads\/2022\/04\/6023125Master.jpg","datePublished":"2022-04-03T21:31:03+00:00","dateModified":"2023-04-07T13:48:48+00:00","breadcrumb":{"@id":"https:\/\/cyclingcambrils.com\/ca\/ruta\/coneixent-prades\/#breadcrumb"},"inLanguage":"ca","potentialAction":[{"@type":"ReadAction","target":["https:\/\/cyclingcambrils.com\/ca\/ruta\/coneixent-prades\/"]}]},{"@type":"ImageObject","inLanguage":"ca","@id":"https:\/\/cyclingcambrils.com\/ca\/ruta\/coneixent-prades\/#primaryimage","url":"https:\/\/cyclingcambrils.com\/wp-content\/uploads\/2022\/04\/6023125Master.jpg","contentUrl":"https:\/\/cyclingcambrils.com\/wp-content\/uploads\/2022\/04\/6023125Master.jpg","width":1000,"height":667},{"@type":"BreadcrumbList","@id":"https:\/\/cyclingcambrils.com\/ca\/ruta\/coneixent-prades\/#breadcrumb","itemListElement":[{"@type":"ListItem","position":1,"name":"Portada","item":"https:\/\/cyclingcambrils.com\/ca\/"},{"@type":"ListItem","position":2,"name":"Coneixent Prades"}]},{"@type":"WebSite","@id":"https:\/\/cyclingcambrils.com\/ca\/#website","url":"https:\/\/cyclingcambrils.com\/ca\/","name":"Cambrils Cycling Paradise","description":"Descubre el paraíso del ciclista","publisher":{"@id":"https:\/\/cyclingcambrils.com\/ca\/#organization"},"potentialAction":[{"@type":"SearchAction","target":{"@type":"EntryPoint","urlTemplate":"https:\/\/cyclingcambrils.com\/ca\/?s={search_term_string}"},"query-input":{"@type":"PropertyValueSpecification","valueRequired":true,"valueName":"search_term_string"}}],"inLanguage":"ca"},{"@type":"Organization","@id":"https:\/\/cyclingcambrils.com\/ca\/#organization","name":"Cambrils Cycling Paradise","url":"https:\/\/cyclingcambrils.com\/ca\/","logo":{"@type":"ImageObject","inLanguage":"ca","@id":"https:\/\/cyclingcambrils.com\/ca\/#\/schema\/logo\/image\/","url":"https:\/\/cyclingcambrils.com\/wp-content\/uploads\/2023\/04\/logo-cambrils-cycling-paradise.png","contentUrl":"https:\/\/cyclingcambrils.com\/wp-content\/uploads\/2023\/04\/logo-cambrils-cycling-paradise.png","width":600,"height":196,"caption":"Cambrils Cycling Paradise"},"image":{"@id":"https:\/\/cyclingcambrils.com\/ca\/#\/schema\/logo\/image\/"},"sameAs":["https:\/\/www.facebook.com\/CambrilsTurisme\/","https:\/\/www.instagram.com\/cambrilsturisme"]}]}</script>
<!-- / Yoast SEO plugin. -->

Una ruta per gaudir del paisatge del Priorat. Carreteres agradables, sinuoses i amb constants desnivells, envoltades de camps de vinyes. Els quilòmetres passen ràpidament, sense adonar-nos-en. El paisatge canvia constantment, i la proximitat entre pobles fa distret el trajecte. A la tardor, l'olor del raïm premsat després de la verema s'estén per tota la comarca. Un cop coronem la Teixeta, el descens fins al pantà de Riudecanyes ens fa gaudir de la velocitat i només ens queda un terreny favorable fins arribar a Cambrils.

Descubre el paraíso del ciclista
