{"id":6635,"date":"2022-04-02T19:13:11","date_gmt":"2022-04-02T19:13:11","guid":{"rendered":"https:\/\/cyclingcambrils.com\/ruta\/muntanyes-de-prades-des-de-cambrils\/"},"modified":"2023-03-17T12:11:42","modified_gmt":"2023-03-17T12:11:42","slug":"muntanyes-de-prades-des-de-cambrils","status":"publish","type":"ruta","link":"https:\/\/cyclingcambrils.com\/ca\/ruta\/muntanyes-de-prades-des-de-cambrils\/","title":{"rendered":"Muntanyes de Prades des de Cambrils"},"content":{"rendered":"<p>Descripci\u00f3 llarga i estesa de la ruta.<\/p>\n","protected":false},"excerpt":{"rendered":"<p>Aquesta ruta de dificultat alta \u00e9s una de les m\u00e9s exigents de la Costa Daurada. Nom\u00e9s recomanada per a ciclistes amb experi\u00e8ncia, disposats a assumir intenses pujades i baixades i m\u00e9s de 2.400 metres de desnivell positiu acumulat.<br \/>\nUn total de 133 km on creuar\u00e0s les comarques del Tarragon\u00e8s, l&#8217;Alt Camp, el Baix Camp, el Priorat, 8 ports de muntanya i 16 municipis, partint des de Cambrils. Preparat\/da?<\/p>\n<p><strong>Municipis: <\/strong><br \/>\nCambrils-Salou-Riudoms-Les Borges del Camp-Alforja-Arbol\u00ed-Cornudella de Monsant-Albarca-Prades-Capafonts-Mont-ral-L&#8217;Albiol-La Selva del Camp-Almoster-Castellvell del Camp-Reus<\/p>\n<p><strong>Ports de Muntanya<\/strong> que haur\u00e0s de superar:<br \/>\n&#8211; Coll de Llebres (980m)<br \/>\n&#8211; Coll de la Fueta (753m)<br \/>\n&#8211; Coll Roig (758m)<br \/>\n&#8211; Coll de Sant Roc (1020m)<br \/>\n&#8211; Coll de Forcals (949,6m)<br \/>\n&#8211; Coll d&#8217;Albarca (774,5m)<br \/>\n&#8211; Coll de Creu (697m)<br \/>\n&#8211; Coll d&#8217;Alforja (631,3m)<\/p>\n","protected":false},"featured_media":4659,"template":"","categories":[104],"class_list":["post-6635","ruta","type-ruta","status-publish","has-post-thumbnail","hentry","category-rutes-gravel"],"acf":[],"yoast_head":"<!-- This site is optimized with the Yoast SEO plugin v27.4 - https:\/\/yoast.com\/product\/yoast-seo-wordpress\/ -->\n<title>Muntanyes de Prades des de Cambrils - Cambrils Cycling Paradise<\/title>\n<meta name=\"robots\" content=\"index, follow, max-snippet:-1, max-image-preview:large, max-video-preview:-1\" \/>\n<link rel=\"canonical\" href=\"https:\/\/cyclingcambrils.com\/ca\/ruta\/muntanyes-de-prades-des-de-cambrils\/\" \/>\n<meta property=\"og:locale\" content=\"ca_ES\" \/>\n<meta property=\"og:type\" content=\"article\" \/>\n<meta property=\"og:title\" content=\"Muntanyes de Prades des de Cambrils - Cambrils Cycling Paradise\" \/>\n<meta property=\"og:description\" content=\"Aquesta ruta de dificultat alta \u00e9s una de les m\u00e9s exigents de la Costa Daurada. Nom\u00e9s recomanada per a ciclistes amb experi\u00e8ncia, disposats a assumir intenses pujades i baixades i m\u00e9s de 2.400 metres de desnivell positiu acumulat. Un total de 133 km on creuar\u00e0s les comarques del Tarragon\u00e8s, l&#039;Alt Camp, el Baix Camp, el Priorat, 8 ports de muntanya i 16 municipis, partint des de Cambrils. Preparat\/da? Municipis: Cambrils-Salou-Riudoms-Les Borges del Camp-Alforja-Arbol\u00ed-Cornudella de Monsant-Albarca-Prades-Capafonts-Mont-ral-L&#039;Albiol-La Selva del Camp-Almoster-Castellvell del Camp-Reus Ports de Muntanya que haur\u00e0s de superar: - Coll de Llebres (980m) - Coll de la Fueta (753m) - Coll Roig (758m) - Coll de Sant Roc (1020m) - Coll de Forcals (949,6m) - Coll d&#039;Albarca (774,5m) - Coll de Creu (697m) - Coll d&#039;Alforja (631,3m)\" \/>\n<meta property=\"og:url\" content=\"https:\/\/cyclingcambrils.com\/ca\/ruta\/muntanyes-de-prades-des-de-cambrils\/\" \/>\n<meta property=\"og:site_name\" content=\"Cambrils Cycling Paradise\" \/>\n<meta property=\"article:publisher\" content=\"https:\/\/www.facebook.com\/CambrilsTurisme\/\" \/>\n<meta property=\"article:modified_time\" content=\"2023-03-17T12:11:42+00:00\" \/>\n<meta property=\"og:image\" content=\"https:\/\/cyclingcambrils.com\/wp-content\/uploads\/2022\/04\/54732492Master.jpg\" \/>\n\t<meta property=\"og:image:width\" content=\"1200\" \/>\n\t<meta property=\"og:image:height\" content=\"1200\" \/>\n\t<meta property=\"og:image:type\" content=\"image\/jpeg\" \/>\n<meta name=\"twitter:card\" content=\"summary_large_image\" \/>\n<script type=\"application\/ld+json\" class=\"yoast-schema-graph\">{\"@context\":\"https:\\\/\\\/schema.org\",\"@graph\":[{\"@type\":\"WebPage\",\"@id\":\"https:\\\/\\\/cyclingcambrils.com\\\/ca\\\/ruta\\\/muntanyes-de-prades-des-de-cambrils\\\/\",\"url\":\"https:\\\/\\\/cyclingcambrils.com\\\/ca\\\/ruta\\\/muntanyes-de-prades-des-de-cambrils\\\/\",\"name\":\"Muntanyes de Prades des de Cambrils - Cambrils Cycling Paradise\",\"isPartOf\":{\"@id\":\"https:\\\/\\\/cyclingcambrils.com\\\/ca\\\/#website\"},\"primaryImageOfPage\":{\"@id\":\"https:\\\/\\\/cyclingcambrils.com\\\/ca\\\/ruta\\\/muntanyes-de-prades-des-de-cambrils\\\/#primaryimage\"},\"image\":{\"@id\":\"https:\\\/\\\/cyclingcambrils.com\\\/ca\\\/ruta\\\/muntanyes-de-prades-des-de-cambrils\\\/#primaryimage\"},\"thumbnailUrl\":\"https:\\\/\\\/cyclingcambrils.com\\\/wp-content\\\/uploads\\\/2022\\\/04\\\/54732492Master.jpg\",\"datePublished\":\"2022-04-02T19:13:11+00:00\",\"dateModified\":\"2023-03-17T12:11:42+00:00\",\"breadcrumb\":{\"@id\":\"https:\\\/\\\/cyclingcambrils.com\\\/ca\\\/ruta\\\/muntanyes-de-prades-des-de-cambrils\\\/#breadcrumb\"},\"inLanguage\":\"ca\",\"potentialAction\":[{\"@type\":\"ReadAction\",\"target\":[\"https:\\\/\\\/cyclingcambrils.com\\\/ca\\\/ruta\\\/muntanyes-de-prades-des-de-cambrils\\\/\"]}]},{\"@type\":\"ImageObject\",\"inLanguage\":\"ca\",\"@id\":\"https:\\\/\\\/cyclingcambrils.com\\\/ca\\\/ruta\\\/muntanyes-de-prades-des-de-cambrils\\\/#primaryimage\",\"url\":\"https:\\\/\\\/cyclingcambrils.com\\\/wp-content\\\/uploads\\\/2022\\\/04\\\/54732492Master.jpg\",\"contentUrl\":\"https:\\\/\\\/cyclingcambrils.com\\\/wp-content\\\/uploads\\\/2022\\\/04\\\/54732492Master.jpg\",\"width\":1200,\"height\":1200},{\"@type\":\"BreadcrumbList\",\"@id\":\"https:\\\/\\\/cyclingcambrils.com\\\/ca\\\/ruta\\\/muntanyes-de-prades-des-de-cambrils\\\/#breadcrumb\",\"itemListElement\":[{\"@type\":\"ListItem\",\"position\":1,\"name\":\"Portada\",\"item\":\"https:\\\/\\\/cyclingcambrils.com\\\/ca\\\/\"},{\"@type\":\"ListItem\",\"position\":2,\"name\":\"Muntanyes de Prades des de Cambrils\"}]},{\"@type\":\"WebSite\",\"@id\":\"https:\\\/\\\/cyclingcambrils.com\\\/ca\\\/#website\",\"url\":\"https:\\\/\\\/cyclingcambrils.com\\\/ca\\\/\",\"name\":\"Cambrils Cycling Paradise\",\"description\":\"Descubre el para\u00edso del ciclista\",\"publisher\":{\"@id\":\"https:\\\/\\\/cyclingcambrils.com\\\/ca\\\/#organization\"},\"potentialAction\":[{\"@type\":\"SearchAction\",\"target\":{\"@type\":\"EntryPoint\",\"urlTemplate\":\"https:\\\/\\\/cyclingcambrils.com\\\/ca\\\/?s={search_term_string}\"},\"query-input\":{\"@type\":\"PropertyValueSpecification\",\"valueRequired\":true,\"valueName\":\"search_term_string\"}}],\"inLanguage\":\"ca\"},{\"@type\":\"Organization\",\"@id\":\"https:\\\/\\\/cyclingcambrils.com\\\/ca\\\/#organization\",\"name\":\"Cambrils Cycling Paradise\",\"url\":\"https:\\\/\\\/cyclingcambrils.com\\\/ca\\\/\",\"logo\":{\"@type\":\"ImageObject\",\"inLanguage\":\"ca\",\"@id\":\"https:\\\/\\\/cyclingcambrils.com\\\/ca\\\/#\\\/schema\\\/logo\\\/image\\\/\",\"url\":\"https:\\\/\\\/cyclingcambrils.com\\\/wp-content\\\/uploads\\\/2023\\\/04\\\/logo-cambrils-cycling-paradise.png\",\"contentUrl\":\"https:\\\/\\\/cyclingcambrils.com\\\/wp-content\\\/uploads\\\/2023\\\/04\\\/logo-cambrils-cycling-paradise.png\",\"width\":600,\"height\":196,\"caption\":\"Cambrils Cycling Paradise\"},\"image\":{\"@id\":\"https:\\\/\\\/cyclingcambrils.com\\\/ca\\\/#\\\/schema\\\/logo\\\/image\\\/\"},\"sameAs\":[\"https:\\\/\\\/www.facebook.com\\\/CambrilsTurisme\\\/\",\"https:\\\/\\\/www.instagram.com\\\/cambrilsturisme\"]}]}<\/script>\n<!-- \/ Yoast SEO plugin. -->","yoast_head_json":{"title":"Muntanyes de Prades des de Cambrils - Cambrils Cycling Paradise","robots":{"index":"index","follow":"follow","max-snippet":"max-snippet:-1","max-image-preview":"max-image-preview:large","max-video-preview":"max-video-preview:-1"},"canonical":"https:\/\/cyclingcambrils.com\/ca\/ruta\/muntanyes-de-prades-des-de-cambrils\/","og_locale":"ca_ES","og_type":"article","og_title":"Muntanyes de Prades des de Cambrils - Cambrils Cycling Paradise","og_description":"Aquesta ruta de dificultat alta \u00e9s una de les m\u00e9s exigents de la Costa Daurada. Nom\u00e9s recomanada per a ciclistes amb experi\u00e8ncia, disposats a assumir intenses pujades i baixades i m\u00e9s de 2.400 metres de desnivell positiu acumulat. Un total de 133 km on creuar\u00e0s les comarques del Tarragon\u00e8s, l'Alt Camp, el Baix Camp, el Priorat, 8 ports de muntanya i 16 municipis, partint des de Cambrils. Preparat\/da? Municipis: Cambrils-Salou-Riudoms-Les Borges del Camp-Alforja-Arbol\u00ed-Cornudella de Monsant-Albarca-Prades-Capafonts-Mont-ral-L'Albiol-La Selva del Camp-Almoster-Castellvell del Camp-Reus Ports de Muntanya que haur\u00e0s de superar: - Coll de Llebres (980m) - Coll de la Fueta (753m) - Coll Roig (758m) - Coll de Sant Roc (1020m) - Coll de Forcals (949,6m) - Coll d'Albarca (774,5m) - Coll de Creu (697m) - Coll d'Alforja (631,3m)","og_url":"https:\/\/cyclingcambrils.com\/ca\/ruta\/muntanyes-de-prades-des-de-cambrils\/","og_site_name":"Cambrils Cycling Paradise","article_publisher":"https:\/\/www.facebook.com\/CambrilsTurisme\/","article_modified_time":"2023-03-17T12:11:42+00:00","og_image":[{"width":1200,"height":1200,"url":"https:\/\/cyclingcambrils.com\/wp-content\/uploads\/2022\/04\/54732492Master.jpg","type":"image\/jpeg"}],"twitter_card":"summary_large_image","schema":{"@context":"https:\/\/schema.org","@graph":[{"@type":"WebPage","@id":"https:\/\/cyclingcambrils.com\/ca\/ruta\/muntanyes-de-prades-des-de-cambrils\/","url":"https:\/\/cyclingcambrils.com\/ca\/ruta\/muntanyes-de-prades-des-de-cambrils\/","name":"Muntanyes de Prades des de Cambrils - Cambrils Cycling Paradise","isPartOf":{"@id":"https:\/\/cyclingcambrils.com\/ca\/#website"},"primaryImageOfPage":{"@id":"https:\/\/cyclingcambrils.com\/ca\/ruta\/muntanyes-de-prades-des-de-cambrils\/#primaryimage"},"image":{"@id":"https:\/\/cyclingcambrils.com\/ca\/ruta\/muntanyes-de-prades-des-de-cambrils\/#primaryimage"},"thumbnailUrl":"https:\/\/cyclingcambrils.com\/wp-content\/uploads\/2022\/04\/54732492Master.jpg","datePublished":"2022-04-02T19:13:11+00:00","dateModified":"2023-03-17T12:11:42+00:00","breadcrumb":{"@id":"https:\/\/cyclingcambrils.com\/ca\/ruta\/muntanyes-de-prades-des-de-cambrils\/#breadcrumb"},"inLanguage":"ca","potentialAction":[{"@type":"ReadAction","target":["https:\/\/cyclingcambrils.com\/ca\/ruta\/muntanyes-de-prades-des-de-cambrils\/"]}]},{"@type":"ImageObject","inLanguage":"ca","@id":"https:\/\/cyclingcambrils.com\/ca\/ruta\/muntanyes-de-prades-des-de-cambrils\/#primaryimage","url":"https:\/\/cyclingcambrils.com\/wp-content\/uploads\/2022\/04\/54732492Master.jpg","contentUrl":"https:\/\/cyclingcambrils.com\/wp-content\/uploads\/2022\/04\/54732492Master.jpg","width":1200,"height":1200},{"@type":"BreadcrumbList","@id":"https:\/\/cyclingcambrils.com\/ca\/ruta\/muntanyes-de-prades-des-de-cambrils\/#breadcrumb","itemListElement":[{"@type":"ListItem","position":1,"name":"Portada","item":"https:\/\/cyclingcambrils.com\/ca\/"},{"@type":"ListItem","position":2,"name":"Muntanyes de Prades des de Cambrils"}]},{"@type":"WebSite","@id":"https:\/\/cyclingcambrils.com\/ca\/#website","url":"https:\/\/cyclingcambrils.com\/ca\/","name":"Cambrils Cycling Paradise","description":"Descubre el para\u00edso del ciclista","publisher":{"@id":"https:\/\/cyclingcambrils.com\/ca\/#organization"},"potentialAction":[{"@type":"SearchAction","target":{"@type":"EntryPoint","urlTemplate":"https:\/\/cyclingcambrils.com\/ca\/?s={search_term_string}"},"query-input":{"@type":"PropertyValueSpecification","valueRequired":true,"valueName":"search_term_string"}}],"inLanguage":"ca"},{"@type":"Organization","@id":"https:\/\/cyclingcambrils.com\/ca\/#organization","name":"Cambrils Cycling Paradise","url":"https:\/\/cyclingcambrils.com\/ca\/","logo":{"@type":"ImageObject","inLanguage":"ca","@id":"https:\/\/cyclingcambrils.com\/ca\/#\/schema\/logo\/image\/","url":"https:\/\/cyclingcambrils.com\/wp-content\/uploads\/2023\/04\/logo-cambrils-cycling-paradise.png","contentUrl":"https:\/\/cyclingcambrils.com\/wp-content\/uploads\/2023\/04\/logo-cambrils-cycling-paradise.png","width":600,"height":196,"caption":"Cambrils Cycling Paradise"},"image":{"@id":"https:\/\/cyclingcambrils.com\/ca\/#\/schema\/logo\/image\/"},"sameAs":["https:\/\/www.facebook.com\/CambrilsTurisme\/","https:\/\/www.instagram.com\/cambrilsturisme"]}]}},"_links":{"self":[{"href":"https:\/\/cyclingcambrils.com\/ca\/wp-json\/wp\/v2\/ruta\/6635","targetHints":{"allow":["GET"]}}],"collection":[{"href":"https:\/\/cyclingcambrils.com\/ca\/wp-json\/wp\/v2\/ruta"}],"about":[{"href":"https:\/\/cyclingcambrils.com\/ca\/wp-json\/wp\/v2\/types\/ruta"}],"wp:featuredmedia":[{"embeddable":true,"href":"https:\/\/cyclingcambrils.com\/ca\/wp-json\/wp\/v2\/media\/4659"}],"wp:attachment":[{"href":"https:\/\/cyclingcambrils.com\/ca\/wp-json\/wp\/v2\/media?parent=6635"}],"wp:term":[{"taxonomy":"category","embeddable":true,"href":"https:\/\/cyclingcambrils.com\/ca\/wp-json\/wp\/v2\/categories?post=6635"}],"curies":[{"name":"wp","href":"https:\/\/api.w.org\/{rel}","templated":true}]}}

<p>Descripció llarga i estesa de la ruta.</p>

<p>Aquesta ruta de dificultat alta és una de les més exigents de la Costa Daurada. Només recomanada per a ciclistes amb experiència, disposats a assumir intenses pujades i baixades i més de 2.400 metres de desnivell positiu acumulat.<br />
Un total de 133 km on creuaràs les comarques del Tarragonès, l&#8217;Alt Camp, el Baix Camp, el Priorat, 8 ports de muntanya i 16 municipis, partint des de Cambrils. Preparat/da?</p>
<p><strong>Municipis: </strong><br />
Cambrils-Salou-Riudoms-Les Borges del Camp-Alforja-Arbolí-Cornudella de Monsant-Albarca-Prades-Capafonts-Mont-ral-L&#8217;Albiol-La Selva del Camp-Almoster-Castellvell del Camp-Reus</p>
<p><strong>Ports de Muntanya</strong> que hauràs de superar:<br />
&#8211; Coll de Llebres (980m)<br />
&#8211; Coll de la Fueta (753m)<br />
&#8211; Coll Roig (758m)<br />
&#8211; Coll de Sant Roc (1020m)<br />
&#8211; Coll de Forcals (949,6m)<br />
&#8211; Coll d&#8217;Albarca (774,5m)<br />
&#8211; Coll de Creu (697m)<br />
&#8211; Coll d&#8217;Alforja (631,3m)</p>

<!-- This site is optimized with the Yoast SEO plugin v27.4 - https://yoast.com/product/yoast-seo-wordpress/ -->
<title>Muntanyes de Prades des de Cambrils - Cambrils Cycling Paradise</title>
<meta name="robots" content="index, follow, max-snippet:-1, max-image-preview:large, max-video-preview:-1" />
<link rel="canonical" href="https://cyclingcambrils.com/ca/ruta/muntanyes-de-prades-des-de-cambrils/" />
<meta property="og:locale" content="ca_ES" />
<meta property="og:type" content="article" />
<meta property="og:title" content="Muntanyes de Prades des de Cambrils - Cambrils Cycling Paradise" />
<meta property="og:description" content="Aquesta ruta de dificultat alta és una de les més exigents de la Costa Daurada. Només recomanada per a ciclistes amb experiència, disposats a assumir intenses pujades i baixades i més de 2.400 metres de desnivell positiu acumulat. Un total de 133 km on creuaràs les comarques del Tarragonès, l&#039;Alt Camp, el Baix Camp, el Priorat, 8 ports de muntanya i 16 municipis, partint des de Cambrils. Preparat/da? Municipis: Cambrils-Salou-Riudoms-Les Borges del Camp-Alforja-Arbolí-Cornudella de Monsant-Albarca-Prades-Capafonts-Mont-ral-L&#039;Albiol-La Selva del Camp-Almoster-Castellvell del Camp-Reus Ports de Muntanya que hauràs de superar: - Coll de Llebres (980m) - Coll de la Fueta (753m) - Coll Roig (758m) - Coll de Sant Roc (1020m) - Coll de Forcals (949,6m) - Coll d&#039;Albarca (774,5m) - Coll de Creu (697m) - Coll d&#039;Alforja (631,3m)" />
<meta property="og:url" content="https://cyclingcambrils.com/ca/ruta/muntanyes-de-prades-des-de-cambrils/" />
<meta property="og:site_name" content="Cambrils Cycling Paradise" />
<meta property="article:publisher" content="https://www.facebook.com/CambrilsTurisme/" />
<meta property="article:modified_time" content="2023-03-17T12:11:42+00:00" />
<meta property="og:image" content="https://cyclingcambrils.com/wp-content/uploads/2022/04/54732492Master.jpg" />
	<meta property="og:image:width" content="1200" />
	<meta property="og:image:height" content="1200" />
	<meta property="og:image:type" content="image/jpeg" />
<meta name="twitter:card" content="summary_large_image" />
<script type="application/ld+json" class="yoast-schema-graph">{"@context":"https:\/\/schema.org","@graph":[{"@type":"WebPage","@id":"https:\/\/cyclingcambrils.com\/ca\/ruta\/muntanyes-de-prades-des-de-cambrils\/","url":"https:\/\/cyclingcambrils.com\/ca\/ruta\/muntanyes-de-prades-des-de-cambrils\/","name":"Muntanyes de Prades des de Cambrils - Cambrils Cycling Paradise","isPartOf":{"@id":"https:\/\/cyclingcambrils.com\/ca\/#website"},"primaryImageOfPage":{"@id":"https:\/\/cyclingcambrils.com\/ca\/ruta\/muntanyes-de-prades-des-de-cambrils\/#primaryimage"},"image":{"@id":"https:\/\/cyclingcambrils.com\/ca\/ruta\/muntanyes-de-prades-des-de-cambrils\/#primaryimage"},"thumbnailUrl":"https:\/\/cyclingcambrils.com\/wp-content\/uploads\/2022\/04\/54732492Master.jpg","datePublished":"2022-04-02T19:13:11+00:00","dateModified":"2023-03-17T12:11:42+00:00","breadcrumb":{"@id":"https:\/\/cyclingcambrils.com\/ca\/ruta\/muntanyes-de-prades-des-de-cambrils\/#breadcrumb"},"inLanguage":"ca","potentialAction":[{"@type":"ReadAction","target":["https:\/\/cyclingcambrils.com\/ca\/ruta\/muntanyes-de-prades-des-de-cambrils\/"]}]},{"@type":"ImageObject","inLanguage":"ca","@id":"https:\/\/cyclingcambrils.com\/ca\/ruta\/muntanyes-de-prades-des-de-cambrils\/#primaryimage","url":"https:\/\/cyclingcambrils.com\/wp-content\/uploads\/2022\/04\/54732492Master.jpg","contentUrl":"https:\/\/cyclingcambrils.com\/wp-content\/uploads\/2022\/04\/54732492Master.jpg","width":1200,"height":1200},{"@type":"BreadcrumbList","@id":"https:\/\/cyclingcambrils.com\/ca\/ruta\/muntanyes-de-prades-des-de-cambrils\/#breadcrumb","itemListElement":[{"@type":"ListItem","position":1,"name":"Portada","item":"https:\/\/cyclingcambrils.com\/ca\/"},{"@type":"ListItem","position":2,"name":"Muntanyes de Prades des de Cambrils"}]},{"@type":"WebSite","@id":"https:\/\/cyclingcambrils.com\/ca\/#website","url":"https:\/\/cyclingcambrils.com\/ca\/","name":"Cambrils Cycling Paradise","description":"Descubre el paraíso del ciclista","publisher":{"@id":"https:\/\/cyclingcambrils.com\/ca\/#organization"},"potentialAction":[{"@type":"SearchAction","target":{"@type":"EntryPoint","urlTemplate":"https:\/\/cyclingcambrils.com\/ca\/?s={search_term_string}"},"query-input":{"@type":"PropertyValueSpecification","valueRequired":true,"valueName":"search_term_string"}}],"inLanguage":"ca"},{"@type":"Organization","@id":"https:\/\/cyclingcambrils.com\/ca\/#organization","name":"Cambrils Cycling Paradise","url":"https:\/\/cyclingcambrils.com\/ca\/","logo":{"@type":"ImageObject","inLanguage":"ca","@id":"https:\/\/cyclingcambrils.com\/ca\/#\/schema\/logo\/image\/","url":"https:\/\/cyclingcambrils.com\/wp-content\/uploads\/2023\/04\/logo-cambrils-cycling-paradise.png","contentUrl":"https:\/\/cyclingcambrils.com\/wp-content\/uploads\/2023\/04\/logo-cambrils-cycling-paradise.png","width":600,"height":196,"caption":"Cambrils Cycling Paradise"},"image":{"@id":"https:\/\/cyclingcambrils.com\/ca\/#\/schema\/logo\/image\/"},"sameAs":["https:\/\/www.facebook.com\/CambrilsTurisme\/","https:\/\/www.instagram.com\/cambrilsturisme"]}]}</script>
<!-- / Yoast SEO plugin. -->

Aquesta ruta de dificultat alta és una de les més exigents de la Costa Daurada. Només recomanada per a ciclistes amb experiència, disposats a assumir intenses pujades i baixades i més de 2.400 metres de desnivell positiu acumulat. Un total de 133 km on creuaràs les comarques del Tarragonès, l'Alt Camp, el Baix Camp, el Priorat, 8 ports de muntanya i 16 municipis, partint des de Cambrils. Preparat/da? Municipis: Cambrils-Salou-Riudoms-Les Borges del Camp-Alforja-Arbolí-Cornudella de Monsant-Albarca-Prades-Capafonts-Mont-ral-L'Albiol-La Selva del Camp-Almoster-Castellvell del Camp-Reus Ports de Muntanya que hauràs de superar: - Coll de Llebres (980m) - Coll de la Fueta (753m) - Coll Roig (758m) - Coll de Sant Roc (1020m) - Coll de Forcals (949,6m) - Coll d'Albarca (774,5m) - Coll de Creu (697m) - Coll d'Alforja (631,3m)

Descubre el paraíso del ciclista
