{"id":7884,"date":"2022-05-15T11:17:46","date_gmt":"2022-05-15T11:17:46","guid":{"rendered":"https:\/\/cyclingcambrils.com\/alojamientos\/plage-estival-centurion\/"},"modified":"2023-04-14T17:47:34","modified_gmt":"2023-04-14T17:47:34","slug":"estival-centurion-playa","status":"publish","type":"alojamientos","link":"https:\/\/cyclingcambrils.com\/fr\/alojamientos\/estival-centurion-playa\/","title":{"rendered":"Estival Centuri\u00f3n Playa"},"content":{"rendered":"<p>Situ\u00e9 au c\u0153ur de la Costa Dorada, dans la ville baln\u00e9aire de Cambrils, sur la promenade du front de mer et en face de la plage. C&rsquo;est l&rsquo;h\u00f4tel id\u00e9al pour des vacances en famille, un s\u00e9jour de d\u00e9tente ou une r\u00e9union entre amis. L&rsquo;h\u00f4tel Estival Centuri\u00f3n propose 257 chambres r\u00e9parties sur trois \u00e9tages.<\/p>\n","protected":false},"author":20,"featured_media":4347,"template":"","tipo_de_alojamiento":[],"class_list":["post-7884","alojamientos","type-alojamientos","status-publish","has-post-thumbnail","hentry"],"acf":[],"yoast_head":"<!-- This site is optimized with the Yoast SEO plugin v27.4 - https:\/\/yoast.com\/product\/yoast-seo-wordpress\/ -->\n<title>Estival Centuri\u00f3n Playa - Cambrils Cycling Paradise<\/title>\n<meta name=\"robots\" content=\"index, follow, max-snippet:-1, max-image-preview:large, max-video-preview:-1\" \/>\n<link rel=\"canonical\" href=\"https:\/\/cyclingcambrils.com\/fr\/alojamientos\/estival-centurion-playa\/\" \/>\n<meta property=\"og:locale\" content=\"fr_FR\" \/>\n<meta property=\"og:type\" content=\"article\" \/>\n<meta property=\"og:title\" content=\"Estival Centuri\u00f3n Playa - Cambrils Cycling Paradise\" \/>\n<meta property=\"og:description\" content=\"Situ\u00e9 au c\u0153ur de la Costa Dorada, dans la ville ...\" \/>\n<meta property=\"og:url\" content=\"https:\/\/cyclingcambrils.com\/fr\/alojamientos\/estival-centurion-playa\/\" \/>\n<meta property=\"og:site_name\" content=\"Cambrils Cycling Paradise\" \/>\n<meta property=\"article:publisher\" content=\"https:\/\/www.facebook.com\/CambrilsTurisme\/\" \/>\n<meta property=\"article:modified_time\" content=\"2023-04-14T17:47:34+00:00\" \/>\n<meta property=\"og:image\" content=\"https:\/\/cyclingcambrils.com\/wp-content\/uploads\/2022\/05\/centuuuu.jpg\" \/>\n\t<meta property=\"og:image:width\" content=\"900\" \/>\n\t<meta property=\"og:image:height\" content=\"1600\" \/>\n\t<meta property=\"og:image:type\" content=\"image\/jpeg\" \/>\n<meta name=\"twitter:card\" content=\"summary_large_image\" \/>\n<meta name=\"twitter:label1\" content=\"Dur\u00e9e de lecture estim\u00e9e\" \/>\n\t<meta name=\"twitter:data1\" content=\"1 minute\" \/>\n<script type=\"application\/ld+json\" class=\"yoast-schema-graph\">{\"@context\":\"https:\\\/\\\/schema.org\",\"@graph\":[{\"@type\":\"WebPage\",\"@id\":\"https:\\\/\\\/cyclingcambrils.com\\\/fr\\\/alojamientos\\\/estival-centurion-playa\\\/\",\"url\":\"https:\\\/\\\/cyclingcambrils.com\\\/fr\\\/alojamientos\\\/estival-centurion-playa\\\/\",\"name\":\"Estival Centuri\u00f3n Playa - Cambrils Cycling Paradise\",\"isPartOf\":{\"@id\":\"https:\\\/\\\/cyclingcambrils.com\\\/fr\\\/#website\"},\"primaryImageOfPage\":{\"@id\":\"https:\\\/\\\/cyclingcambrils.com\\\/fr\\\/alojamientos\\\/estival-centurion-playa\\\/#primaryimage\"},\"image\":{\"@id\":\"https:\\\/\\\/cyclingcambrils.com\\\/fr\\\/alojamientos\\\/estival-centurion-playa\\\/#primaryimage\"},\"thumbnailUrl\":\"https:\\\/\\\/cyclingcambrils.com\\\/wp-content\\\/uploads\\\/2022\\\/05\\\/centuuuu.jpg\",\"datePublished\":\"2022-05-15T11:17:46+00:00\",\"dateModified\":\"2023-04-14T17:47:34+00:00\",\"breadcrumb\":{\"@id\":\"https:\\\/\\\/cyclingcambrils.com\\\/fr\\\/alojamientos\\\/estival-centurion-playa\\\/#breadcrumb\"},\"inLanguage\":\"fr-FR\",\"potentialAction\":[{\"@type\":\"ReadAction\",\"target\":[\"https:\\\/\\\/cyclingcambrils.com\\\/fr\\\/alojamientos\\\/estival-centurion-playa\\\/\"]}]},{\"@type\":\"ImageObject\",\"inLanguage\":\"fr-FR\",\"@id\":\"https:\\\/\\\/cyclingcambrils.com\\\/fr\\\/alojamientos\\\/estival-centurion-playa\\\/#primaryimage\",\"url\":\"https:\\\/\\\/cyclingcambrils.com\\\/wp-content\\\/uploads\\\/2022\\\/05\\\/centuuuu.jpg\",\"contentUrl\":\"https:\\\/\\\/cyclingcambrils.com\\\/wp-content\\\/uploads\\\/2022\\\/05\\\/centuuuu.jpg\",\"width\":900,\"height\":1600},{\"@type\":\"BreadcrumbList\",\"@id\":\"https:\\\/\\\/cyclingcambrils.com\\\/fr\\\/alojamientos\\\/estival-centurion-playa\\\/#breadcrumb\",\"itemListElement\":[{\"@type\":\"ListItem\",\"position\":1,\"name\":\"Portada\",\"item\":\"https:\\\/\\\/cyclingcambrils.com\\\/fr\\\/\"},{\"@type\":\"ListItem\",\"position\":2,\"name\":\"Estival Centuri\u00f3n Playa\"}]},{\"@type\":\"WebSite\",\"@id\":\"https:\\\/\\\/cyclingcambrils.com\\\/fr\\\/#website\",\"url\":\"https:\\\/\\\/cyclingcambrils.com\\\/fr\\\/\",\"name\":\"Cambrils Cycling Paradise\",\"description\":\"Descubre el para\u00edso del ciclista\",\"publisher\":{\"@id\":\"https:\\\/\\\/cyclingcambrils.com\\\/fr\\\/#organization\"},\"potentialAction\":[{\"@type\":\"SearchAction\",\"target\":{\"@type\":\"EntryPoint\",\"urlTemplate\":\"https:\\\/\\\/cyclingcambrils.com\\\/fr\\\/?s={search_term_string}\"},\"query-input\":{\"@type\":\"PropertyValueSpecification\",\"valueRequired\":true,\"valueName\":\"search_term_string\"}}],\"inLanguage\":\"fr-FR\"},{\"@type\":\"Organization\",\"@id\":\"https:\\\/\\\/cyclingcambrils.com\\\/fr\\\/#organization\",\"name\":\"Cambrils Cycling Paradise\",\"url\":\"https:\\\/\\\/cyclingcambrils.com\\\/fr\\\/\",\"logo\":{\"@type\":\"ImageObject\",\"inLanguage\":\"fr-FR\",\"@id\":\"https:\\\/\\\/cyclingcambrils.com\\\/fr\\\/#\\\/schema\\\/logo\\\/image\\\/\",\"url\":\"https:\\\/\\\/cyclingcambrils.com\\\/wp-content\\\/uploads\\\/2023\\\/04\\\/logo-cambrils-cycling-paradise.png\",\"contentUrl\":\"https:\\\/\\\/cyclingcambrils.com\\\/wp-content\\\/uploads\\\/2023\\\/04\\\/logo-cambrils-cycling-paradise.png\",\"width\":600,\"height\":196,\"caption\":\"Cambrils Cycling Paradise\"},\"image\":{\"@id\":\"https:\\\/\\\/cyclingcambrils.com\\\/fr\\\/#\\\/schema\\\/logo\\\/image\\\/\"},\"sameAs\":[\"https:\\\/\\\/www.facebook.com\\\/CambrilsTurisme\\\/\",\"https:\\\/\\\/www.instagram.com\\\/cambrilsturisme\"]}]}<\/script>\n<!-- \/ Yoast SEO plugin. -->","yoast_head_json":{"title":"Estival Centuri\u00f3n Playa - Cambrils Cycling Paradise","robots":{"index":"index","follow":"follow","max-snippet":"max-snippet:-1","max-image-preview":"max-image-preview:large","max-video-preview":"max-video-preview:-1"},"canonical":"https:\/\/cyclingcambrils.com\/fr\/alojamientos\/estival-centurion-playa\/","og_locale":"fr_FR","og_type":"article","og_title":"Estival Centuri\u00f3n Playa - Cambrils Cycling Paradise","og_description":"Situ\u00e9 au c\u0153ur de la Costa Dorada, dans la ville ...","og_url":"https:\/\/cyclingcambrils.com\/fr\/alojamientos\/estival-centurion-playa\/","og_site_name":"Cambrils Cycling Paradise","article_publisher":"https:\/\/www.facebook.com\/CambrilsTurisme\/","article_modified_time":"2023-04-14T17:47:34+00:00","og_image":[{"width":900,"height":1600,"url":"https:\/\/cyclingcambrils.com\/wp-content\/uploads\/2022\/05\/centuuuu.jpg","type":"image\/jpeg"}],"twitter_card":"summary_large_image","twitter_misc":{"Dur\u00e9e de lecture estim\u00e9e":"1 minute"},"schema":{"@context":"https:\/\/schema.org","@graph":[{"@type":"WebPage","@id":"https:\/\/cyclingcambrils.com\/fr\/alojamientos\/estival-centurion-playa\/","url":"https:\/\/cyclingcambrils.com\/fr\/alojamientos\/estival-centurion-playa\/","name":"Estival Centuri\u00f3n Playa - Cambrils Cycling Paradise","isPartOf":{"@id":"https:\/\/cyclingcambrils.com\/fr\/#website"},"primaryImageOfPage":{"@id":"https:\/\/cyclingcambrils.com\/fr\/alojamientos\/estival-centurion-playa\/#primaryimage"},"image":{"@id":"https:\/\/cyclingcambrils.com\/fr\/alojamientos\/estival-centurion-playa\/#primaryimage"},"thumbnailUrl":"https:\/\/cyclingcambrils.com\/wp-content\/uploads\/2022\/05\/centuuuu.jpg","datePublished":"2022-05-15T11:17:46+00:00","dateModified":"2023-04-14T17:47:34+00:00","breadcrumb":{"@id":"https:\/\/cyclingcambrils.com\/fr\/alojamientos\/estival-centurion-playa\/#breadcrumb"},"inLanguage":"fr-FR","potentialAction":[{"@type":"ReadAction","target":["https:\/\/cyclingcambrils.com\/fr\/alojamientos\/estival-centurion-playa\/"]}]},{"@type":"ImageObject","inLanguage":"fr-FR","@id":"https:\/\/cyclingcambrils.com\/fr\/alojamientos\/estival-centurion-playa\/#primaryimage","url":"https:\/\/cyclingcambrils.com\/wp-content\/uploads\/2022\/05\/centuuuu.jpg","contentUrl":"https:\/\/cyclingcambrils.com\/wp-content\/uploads\/2022\/05\/centuuuu.jpg","width":900,"height":1600},{"@type":"BreadcrumbList","@id":"https:\/\/cyclingcambrils.com\/fr\/alojamientos\/estival-centurion-playa\/#breadcrumb","itemListElement":[{"@type":"ListItem","position":1,"name":"Portada","item":"https:\/\/cyclingcambrils.com\/fr\/"},{"@type":"ListItem","position":2,"name":"Estival Centuri\u00f3n Playa"}]},{"@type":"WebSite","@id":"https:\/\/cyclingcambrils.com\/fr\/#website","url":"https:\/\/cyclingcambrils.com\/fr\/","name":"Cambrils Cycling Paradise","description":"Descubre el para\u00edso del ciclista","publisher":{"@id":"https:\/\/cyclingcambrils.com\/fr\/#organization"},"potentialAction":[{"@type":"SearchAction","target":{"@type":"EntryPoint","urlTemplate":"https:\/\/cyclingcambrils.com\/fr\/?s={search_term_string}"},"query-input":{"@type":"PropertyValueSpecification","valueRequired":true,"valueName":"search_term_string"}}],"inLanguage":"fr-FR"},{"@type":"Organization","@id":"https:\/\/cyclingcambrils.com\/fr\/#organization","name":"Cambrils Cycling Paradise","url":"https:\/\/cyclingcambrils.com\/fr\/","logo":{"@type":"ImageObject","inLanguage":"fr-FR","@id":"https:\/\/cyclingcambrils.com\/fr\/#\/schema\/logo\/image\/","url":"https:\/\/cyclingcambrils.com\/wp-content\/uploads\/2023\/04\/logo-cambrils-cycling-paradise.png","contentUrl":"https:\/\/cyclingcambrils.com\/wp-content\/uploads\/2023\/04\/logo-cambrils-cycling-paradise.png","width":600,"height":196,"caption":"Cambrils Cycling Paradise"},"image":{"@id":"https:\/\/cyclingcambrils.com\/fr\/#\/schema\/logo\/image\/"},"sameAs":["https:\/\/www.facebook.com\/CambrilsTurisme\/","https:\/\/www.instagram.com\/cambrilsturisme"]}]}},"_links":{"self":[{"href":"https:\/\/cyclingcambrils.com\/fr\/wp-json\/wp\/v2\/alojamientos\/7884","targetHints":{"allow":["GET"]}}],"collection":[{"href":"https:\/\/cyclingcambrils.com\/fr\/wp-json\/wp\/v2\/alojamientos"}],"about":[{"href":"https:\/\/cyclingcambrils.com\/fr\/wp-json\/wp\/v2\/types\/alojamientos"}],"author":[{"embeddable":true,"href":"https:\/\/cyclingcambrils.com\/fr\/wp-json\/wp\/v2\/users\/20"}],"wp:featuredmedia":[{"embeddable":true,"href":"https:\/\/cyclingcambrils.com\/fr\/wp-json\/wp\/v2\/media\/4347"}],"wp:attachment":[{"href":"https:\/\/cyclingcambrils.com\/fr\/wp-json\/wp\/v2\/media?parent=7884"}],"wp:term":[{"taxonomy":"tipo_de_alojamiento","embeddable":true,"href":"https:\/\/cyclingcambrils.com\/fr\/wp-json\/wp\/v2\/tipo_de_alojamiento?post=7884"}],"curies":[{"name":"wp","href":"https:\/\/api.w.org\/{rel}","templated":true}]}}

Estival Centurión Playa

<p>Situé au cœur de la Costa Dorada, dans la ville balnéaire de Cambrils, sur la promenade du front de mer et en face de la plage. C&rsquo;est l&rsquo;hôtel idéal pour des vacances en famille, un séjour de détente ou une réunion entre amis. L&rsquo;hôtel Estival Centurión propose 257 chambres réparties sur trois étages.</p>

<!-- This site is optimized with the Yoast SEO plugin v27.4 - https://yoast.com/product/yoast-seo-wordpress/ -->
<title>Estival Centurión Playa - Cambrils Cycling Paradise</title>
<meta name="robots" content="index, follow, max-snippet:-1, max-image-preview:large, max-video-preview:-1" />
<link rel="canonical" href="https://cyclingcambrils.com/fr/alojamientos/estival-centurion-playa/" />
<meta property="og:locale" content="fr_FR" />
<meta property="og:type" content="article" />
<meta property="og:title" content="Estival Centurión Playa - Cambrils Cycling Paradise" />
<meta property="og:description" content="Situé au cœur de la Costa Dorada, dans la ville ..." />
<meta property="og:url" content="https://cyclingcambrils.com/fr/alojamientos/estival-centurion-playa/" />
<meta property="og:site_name" content="Cambrils Cycling Paradise" />
<meta property="article:publisher" content="https://www.facebook.com/CambrilsTurisme/" />
<meta property="article:modified_time" content="2023-04-14T17:47:34+00:00" />
<meta property="og:image" content="https://cyclingcambrils.com/wp-content/uploads/2022/05/centuuuu.jpg" />
	<meta property="og:image:width" content="900" />
	<meta property="og:image:height" content="1600" />
	<meta property="og:image:type" content="image/jpeg" />
<meta name="twitter:card" content="summary_large_image" />
<meta name="twitter:label1" content="Durée de lecture estimée" />
	<meta name="twitter:data1" content="1 minute" />
<script type="application/ld+json" class="yoast-schema-graph">{"@context":"https:\/\/schema.org","@graph":[{"@type":"WebPage","@id":"https:\/\/cyclingcambrils.com\/fr\/alojamientos\/estival-centurion-playa\/","url":"https:\/\/cyclingcambrils.com\/fr\/alojamientos\/estival-centurion-playa\/","name":"Estival Centurión Playa - Cambrils Cycling Paradise","isPartOf":{"@id":"https:\/\/cyclingcambrils.com\/fr\/#website"},"primaryImageOfPage":{"@id":"https:\/\/cyclingcambrils.com\/fr\/alojamientos\/estival-centurion-playa\/#primaryimage"},"image":{"@id":"https:\/\/cyclingcambrils.com\/fr\/alojamientos\/estival-centurion-playa\/#primaryimage"},"thumbnailUrl":"https:\/\/cyclingcambrils.com\/wp-content\/uploads\/2022\/05\/centuuuu.jpg","datePublished":"2022-05-15T11:17:46+00:00","dateModified":"2023-04-14T17:47:34+00:00","breadcrumb":{"@id":"https:\/\/cyclingcambrils.com\/fr\/alojamientos\/estival-centurion-playa\/#breadcrumb"},"inLanguage":"fr-FR","potentialAction":[{"@type":"ReadAction","target":["https:\/\/cyclingcambrils.com\/fr\/alojamientos\/estival-centurion-playa\/"]}]},{"@type":"ImageObject","inLanguage":"fr-FR","@id":"https:\/\/cyclingcambrils.com\/fr\/alojamientos\/estival-centurion-playa\/#primaryimage","url":"https:\/\/cyclingcambrils.com\/wp-content\/uploads\/2022\/05\/centuuuu.jpg","contentUrl":"https:\/\/cyclingcambrils.com\/wp-content\/uploads\/2022\/05\/centuuuu.jpg","width":900,"height":1600},{"@type":"BreadcrumbList","@id":"https:\/\/cyclingcambrils.com\/fr\/alojamientos\/estival-centurion-playa\/#breadcrumb","itemListElement":[{"@type":"ListItem","position":1,"name":"Portada","item":"https:\/\/cyclingcambrils.com\/fr\/"},{"@type":"ListItem","position":2,"name":"Estival Centurión Playa"}]},{"@type":"WebSite","@id":"https:\/\/cyclingcambrils.com\/fr\/#website","url":"https:\/\/cyclingcambrils.com\/fr\/","name":"Cambrils Cycling Paradise","description":"Descubre el paraíso del ciclista","publisher":{"@id":"https:\/\/cyclingcambrils.com\/fr\/#organization"},"potentialAction":[{"@type":"SearchAction","target":{"@type":"EntryPoint","urlTemplate":"https:\/\/cyclingcambrils.com\/fr\/?s={search_term_string}"},"query-input":{"@type":"PropertyValueSpecification","valueRequired":true,"valueName":"search_term_string"}}],"inLanguage":"fr-FR"},{"@type":"Organization","@id":"https:\/\/cyclingcambrils.com\/fr\/#organization","name":"Cambrils Cycling Paradise","url":"https:\/\/cyclingcambrils.com\/fr\/","logo":{"@type":"ImageObject","inLanguage":"fr-FR","@id":"https:\/\/cyclingcambrils.com\/fr\/#\/schema\/logo\/image\/","url":"https:\/\/cyclingcambrils.com\/wp-content\/uploads\/2023\/04\/logo-cambrils-cycling-paradise.png","contentUrl":"https:\/\/cyclingcambrils.com\/wp-content\/uploads\/2023\/04\/logo-cambrils-cycling-paradise.png","width":600,"height":196,"caption":"Cambrils Cycling Paradise"},"image":{"@id":"https:\/\/cyclingcambrils.com\/fr\/#\/schema\/logo\/image\/"},"sameAs":["https:\/\/www.facebook.com\/CambrilsTurisme\/","https:\/\/www.instagram.com\/cambrilsturisme"]}]}</script>
<!-- / Yoast SEO plugin. -->

Estival Centurión Playa - Cambrils Cycling Paradise

Situé au cœur de la Costa Dorada, dans la ville ...

Descubre el paraíso del ciclista
