{"id":9926,"date":"2022-03-31T17:21:37","date_gmt":"2022-03-31T17:21:37","guid":{"rendered":"https:\/\/cyclingcambrils.com\/ruta\/route-de-lest\/"},"modified":"2022-03-31T17:21:37","modified_gmt":"2022-03-31T17:21:37","slug":"route-de-lest","status":"publish","type":"ruta","link":"https:\/\/cyclingcambrils.com\/fr\/ruta\/route-de-lest\/","title":{"rendered":"Route de l&rsquo;Est"},"content":{"rendered":"","protected":false},"excerpt":{"rendered":"<p>Contrairement \u00e0 son homonyme de la Costa Daurada, la route de l&rsquo;Est est destin\u00e9e aux d\u00e9butants, tant en termes de temps que de kilom\u00e8tres. Id\u00e9al pour sortir et d\u00e9couvrir la beaut\u00e9 du littoral entre Cambrils, Salou et l&rsquo;int\u00e9rieur des terres en passant par Vila-seca. En 1 h 30, vous aurez certainement termin\u00e9. ;)<\/p>\n","protected":false},"featured_media":9927,"template":"","categories":[211],"class_list":["post-9926","ruta","type-ruta","status-publish","has-post-thumbnail","hentry","category-itineraires-occasionnels"],"acf":[],"yoast_head":"<!-- This site is optimized with the Yoast SEO plugin v27.4 - https:\/\/yoast.com\/product\/yoast-seo-wordpress\/ -->\n<title>Route de l&#039;Est - Cambrils Cycling Paradise<\/title>\n<meta name=\"robots\" content=\"index, follow, max-snippet:-1, max-image-preview:large, max-video-preview:-1\" \/>\n<link rel=\"canonical\" href=\"https:\/\/cyclingcambrils.com\/fr\/ruta\/route-de-lest\/\" \/>\n<meta property=\"og:locale\" content=\"fr_FR\" \/>\n<meta property=\"og:type\" content=\"article\" \/>\n<meta property=\"og:title\" content=\"Route de l&#039;Est - Cambrils Cycling Paradise\" \/>\n<meta property=\"og:description\" content=\"Contrairement \u00e0 son homonyme de la Costa Daurada, la route de l&#039;Est est destin\u00e9e aux d\u00e9butants, tant en termes de temps que de kilom\u00e8tres. Id\u00e9al pour sortir et d\u00e9couvrir la beaut\u00e9 du littoral entre Cambrils, Salou et l&#039;int\u00e9rieur des terres en passant par Vila-seca. En 1 h 30, vous aurez certainement termin\u00e9. ;)\" \/>\n<meta property=\"og:url\" content=\"https:\/\/cyclingcambrils.com\/fr\/ruta\/route-de-lest\/\" \/>\n<meta property=\"og:site_name\" content=\"Cambrils Cycling Paradise\" \/>\n<meta property=\"article:publisher\" content=\"https:\/\/www.facebook.com\/CambrilsTurisme\/\" \/>\n<meta property=\"og:image\" content=\"https:\/\/cyclingcambrils.com\/wp-content\/uploads\/2022\/03\/salou-acantilados.jpg\" \/>\n\t<meta property=\"og:image:width\" content=\"1600\" \/>\n\t<meta property=\"og:image:height\" content=\"900\" \/>\n\t<meta property=\"og:image:type\" content=\"image\/jpeg\" \/>\n<meta name=\"twitter:card\" content=\"summary_large_image\" \/>\n<script type=\"application\/ld+json\" class=\"yoast-schema-graph\">{\"@context\":\"https:\\\/\\\/schema.org\",\"@graph\":[{\"@type\":\"WebPage\",\"@id\":\"https:\\\/\\\/cyclingcambrils.com\\\/fr\\\/ruta\\\/route-de-lest\\\/\",\"url\":\"https:\\\/\\\/cyclingcambrils.com\\\/fr\\\/ruta\\\/route-de-lest\\\/\",\"name\":\"Route de l'Est - Cambrils Cycling Paradise\",\"isPartOf\":{\"@id\":\"https:\\\/\\\/cyclingcambrils.com\\\/fr\\\/#website\"},\"primaryImageOfPage\":{\"@id\":\"https:\\\/\\\/cyclingcambrils.com\\\/fr\\\/ruta\\\/route-de-lest\\\/#primaryimage\"},\"image\":{\"@id\":\"https:\\\/\\\/cyclingcambrils.com\\\/fr\\\/ruta\\\/route-de-lest\\\/#primaryimage\"},\"thumbnailUrl\":\"https:\\\/\\\/cyclingcambrils.com\\\/wp-content\\\/uploads\\\/2022\\\/03\\\/salou-acantilados.jpg\",\"datePublished\":\"2022-03-31T17:21:37+00:00\",\"breadcrumb\":{\"@id\":\"https:\\\/\\\/cyclingcambrils.com\\\/fr\\\/ruta\\\/route-de-lest\\\/#breadcrumb\"},\"inLanguage\":\"fr-FR\",\"potentialAction\":[{\"@type\":\"ReadAction\",\"target\":[\"https:\\\/\\\/cyclingcambrils.com\\\/fr\\\/ruta\\\/route-de-lest\\\/\"]}]},{\"@type\":\"ImageObject\",\"inLanguage\":\"fr-FR\",\"@id\":\"https:\\\/\\\/cyclingcambrils.com\\\/fr\\\/ruta\\\/route-de-lest\\\/#primaryimage\",\"url\":\"https:\\\/\\\/cyclingcambrils.com\\\/wp-content\\\/uploads\\\/2022\\\/03\\\/salou-acantilados.jpg\",\"contentUrl\":\"https:\\\/\\\/cyclingcambrils.com\\\/wp-content\\\/uploads\\\/2022\\\/03\\\/salou-acantilados.jpg\",\"width\":1600,\"height\":900},{\"@type\":\"BreadcrumbList\",\"@id\":\"https:\\\/\\\/cyclingcambrils.com\\\/fr\\\/ruta\\\/route-de-lest\\\/#breadcrumb\",\"itemListElement\":[{\"@type\":\"ListItem\",\"position\":1,\"name\":\"Portada\",\"item\":\"https:\\\/\\\/cyclingcambrils.com\\\/fr\\\/\"},{\"@type\":\"ListItem\",\"position\":2,\"name\":\"Route de l&#8217;Est\"}]},{\"@type\":\"WebSite\",\"@id\":\"https:\\\/\\\/cyclingcambrils.com\\\/fr\\\/#website\",\"url\":\"https:\\\/\\\/cyclingcambrils.com\\\/fr\\\/\",\"name\":\"Cambrils Cycling Paradise\",\"description\":\"Descubre el para\u00edso del ciclista\",\"publisher\":{\"@id\":\"https:\\\/\\\/cyclingcambrils.com\\\/fr\\\/#organization\"},\"potentialAction\":[{\"@type\":\"SearchAction\",\"target\":{\"@type\":\"EntryPoint\",\"urlTemplate\":\"https:\\\/\\\/cyclingcambrils.com\\\/fr\\\/?s={search_term_string}\"},\"query-input\":{\"@type\":\"PropertyValueSpecification\",\"valueRequired\":true,\"valueName\":\"search_term_string\"}}],\"inLanguage\":\"fr-FR\"},{\"@type\":\"Organization\",\"@id\":\"https:\\\/\\\/cyclingcambrils.com\\\/fr\\\/#organization\",\"name\":\"Cambrils Cycling Paradise\",\"url\":\"https:\\\/\\\/cyclingcambrils.com\\\/fr\\\/\",\"logo\":{\"@type\":\"ImageObject\",\"inLanguage\":\"fr-FR\",\"@id\":\"https:\\\/\\\/cyclingcambrils.com\\\/fr\\\/#\\\/schema\\\/logo\\\/image\\\/\",\"url\":\"https:\\\/\\\/cyclingcambrils.com\\\/wp-content\\\/uploads\\\/2023\\\/04\\\/logo-cambrils-cycling-paradise.png\",\"contentUrl\":\"https:\\\/\\\/cyclingcambrils.com\\\/wp-content\\\/uploads\\\/2023\\\/04\\\/logo-cambrils-cycling-paradise.png\",\"width\":600,\"height\":196,\"caption\":\"Cambrils Cycling Paradise\"},\"image\":{\"@id\":\"https:\\\/\\\/cyclingcambrils.com\\\/fr\\\/#\\\/schema\\\/logo\\\/image\\\/\"},\"sameAs\":[\"https:\\\/\\\/www.facebook.com\\\/CambrilsTurisme\\\/\",\"https:\\\/\\\/www.instagram.com\\\/cambrilsturisme\"]}]}<\/script>\n<!-- \/ Yoast SEO plugin. -->","yoast_head_json":{"title":"Route de l'Est - Cambrils Cycling Paradise","robots":{"index":"index","follow":"follow","max-snippet":"max-snippet:-1","max-image-preview":"max-image-preview:large","max-video-preview":"max-video-preview:-1"},"canonical":"https:\/\/cyclingcambrils.com\/fr\/ruta\/route-de-lest\/","og_locale":"fr_FR","og_type":"article","og_title":"Route de l'Est - Cambrils Cycling Paradise","og_description":"Contrairement \u00e0 son homonyme de la Costa Daurada, la route de l'Est est destin\u00e9e aux d\u00e9butants, tant en termes de temps que de kilom\u00e8tres. Id\u00e9al pour sortir et d\u00e9couvrir la beaut\u00e9 du littoral entre Cambrils, Salou et l'int\u00e9rieur des terres en passant par Vila-seca. En 1 h 30, vous aurez certainement termin\u00e9. ;)","og_url":"https:\/\/cyclingcambrils.com\/fr\/ruta\/route-de-lest\/","og_site_name":"Cambrils Cycling Paradise","article_publisher":"https:\/\/www.facebook.com\/CambrilsTurisme\/","og_image":[{"width":1600,"height":900,"url":"https:\/\/cyclingcambrils.com\/wp-content\/uploads\/2022\/03\/salou-acantilados.jpg","type":"image\/jpeg"}],"twitter_card":"summary_large_image","schema":{"@context":"https:\/\/schema.org","@graph":[{"@type":"WebPage","@id":"https:\/\/cyclingcambrils.com\/fr\/ruta\/route-de-lest\/","url":"https:\/\/cyclingcambrils.com\/fr\/ruta\/route-de-lest\/","name":"Route de l'Est - Cambrils Cycling Paradise","isPartOf":{"@id":"https:\/\/cyclingcambrils.com\/fr\/#website"},"primaryImageOfPage":{"@id":"https:\/\/cyclingcambrils.com\/fr\/ruta\/route-de-lest\/#primaryimage"},"image":{"@id":"https:\/\/cyclingcambrils.com\/fr\/ruta\/route-de-lest\/#primaryimage"},"thumbnailUrl":"https:\/\/cyclingcambrils.com\/wp-content\/uploads\/2022\/03\/salou-acantilados.jpg","datePublished":"2022-03-31T17:21:37+00:00","breadcrumb":{"@id":"https:\/\/cyclingcambrils.com\/fr\/ruta\/route-de-lest\/#breadcrumb"},"inLanguage":"fr-FR","potentialAction":[{"@type":"ReadAction","target":["https:\/\/cyclingcambrils.com\/fr\/ruta\/route-de-lest\/"]}]},{"@type":"ImageObject","inLanguage":"fr-FR","@id":"https:\/\/cyclingcambrils.com\/fr\/ruta\/route-de-lest\/#primaryimage","url":"https:\/\/cyclingcambrils.com\/wp-content\/uploads\/2022\/03\/salou-acantilados.jpg","contentUrl":"https:\/\/cyclingcambrils.com\/wp-content\/uploads\/2022\/03\/salou-acantilados.jpg","width":1600,"height":900},{"@type":"BreadcrumbList","@id":"https:\/\/cyclingcambrils.com\/fr\/ruta\/route-de-lest\/#breadcrumb","itemListElement":[{"@type":"ListItem","position":1,"name":"Portada","item":"https:\/\/cyclingcambrils.com\/fr\/"},{"@type":"ListItem","position":2,"name":"Route de l&#8217;Est"}]},{"@type":"WebSite","@id":"https:\/\/cyclingcambrils.com\/fr\/#website","url":"https:\/\/cyclingcambrils.com\/fr\/","name":"Cambrils Cycling Paradise","description":"Descubre el para\u00edso del ciclista","publisher":{"@id":"https:\/\/cyclingcambrils.com\/fr\/#organization"},"potentialAction":[{"@type":"SearchAction","target":{"@type":"EntryPoint","urlTemplate":"https:\/\/cyclingcambrils.com\/fr\/?s={search_term_string}"},"query-input":{"@type":"PropertyValueSpecification","valueRequired":true,"valueName":"search_term_string"}}],"inLanguage":"fr-FR"},{"@type":"Organization","@id":"https:\/\/cyclingcambrils.com\/fr\/#organization","name":"Cambrils Cycling Paradise","url":"https:\/\/cyclingcambrils.com\/fr\/","logo":{"@type":"ImageObject","inLanguage":"fr-FR","@id":"https:\/\/cyclingcambrils.com\/fr\/#\/schema\/logo\/image\/","url":"https:\/\/cyclingcambrils.com\/wp-content\/uploads\/2023\/04\/logo-cambrils-cycling-paradise.png","contentUrl":"https:\/\/cyclingcambrils.com\/wp-content\/uploads\/2023\/04\/logo-cambrils-cycling-paradise.png","width":600,"height":196,"caption":"Cambrils Cycling Paradise"},"image":{"@id":"https:\/\/cyclingcambrils.com\/fr\/#\/schema\/logo\/image\/"},"sameAs":["https:\/\/www.facebook.com\/CambrilsTurisme\/","https:\/\/www.instagram.com\/cambrilsturisme"]}]}},"_links":{"self":[{"href":"https:\/\/cyclingcambrils.com\/fr\/wp-json\/wp\/v2\/ruta\/9926","targetHints":{"allow":["GET"]}}],"collection":[{"href":"https:\/\/cyclingcambrils.com\/fr\/wp-json\/wp\/v2\/ruta"}],"about":[{"href":"https:\/\/cyclingcambrils.com\/fr\/wp-json\/wp\/v2\/types\/ruta"}],"wp:featuredmedia":[{"embeddable":true,"href":"https:\/\/cyclingcambrils.com\/fr\/wp-json\/wp\/v2\/media\/9927"}],"wp:attachment":[{"href":"https:\/\/cyclingcambrils.com\/fr\/wp-json\/wp\/v2\/media?parent=9926"}],"wp:term":[{"taxonomy":"category","embeddable":true,"href":"https:\/\/cyclingcambrils.com\/fr\/wp-json\/wp\/v2\/categories?post=9926"}],"curies":[{"name":"wp","href":"https:\/\/api.w.org\/{rel}","templated":true}]}}

<p>Contrairement à son homonyme de la Costa Daurada, la route de l&rsquo;Est est destinée aux débutants, tant en termes de temps que de kilomètres. Idéal pour sortir et découvrir la beauté du littoral entre Cambrils, Salou et l&rsquo;intérieur des terres en passant par Vila-seca. En 1 h 30, vous aurez certainement terminé. ;)</p>

<!-- This site is optimized with the Yoast SEO plugin v27.4 - https://yoast.com/product/yoast-seo-wordpress/ -->
<title>Route de l&#039;Est - Cambrils Cycling Paradise</title>
<meta name="robots" content="index, follow, max-snippet:-1, max-image-preview:large, max-video-preview:-1" />
<link rel="canonical" href="https://cyclingcambrils.com/fr/ruta/route-de-lest/" />
<meta property="og:locale" content="fr_FR" />
<meta property="og:type" content="article" />
<meta property="og:title" content="Route de l&#039;Est - Cambrils Cycling Paradise" />
<meta property="og:description" content="Contrairement à son homonyme de la Costa Daurada, la route de l&#039;Est est destinée aux débutants, tant en termes de temps que de kilomètres. Idéal pour sortir et découvrir la beauté du littoral entre Cambrils, Salou et l&#039;intérieur des terres en passant par Vila-seca. En 1 h 30, vous aurez certainement terminé. ;)" />
<meta property="og:url" content="https://cyclingcambrils.com/fr/ruta/route-de-lest/" />
<meta property="og:site_name" content="Cambrils Cycling Paradise" />
<meta property="article:publisher" content="https://www.facebook.com/CambrilsTurisme/" />
<meta property="og:image" content="https://cyclingcambrils.com/wp-content/uploads/2022/03/salou-acantilados.jpg" />
	<meta property="og:image:width" content="1600" />
	<meta property="og:image:height" content="900" />
	<meta property="og:image:type" content="image/jpeg" />
<meta name="twitter:card" content="summary_large_image" />
<script type="application/ld+json" class="yoast-schema-graph">{"@context":"https:\/\/schema.org","@graph":[{"@type":"WebPage","@id":"https:\/\/cyclingcambrils.com\/fr\/ruta\/route-de-lest\/","url":"https:\/\/cyclingcambrils.com\/fr\/ruta\/route-de-lest\/","name":"Route de l'Est - Cambrils Cycling Paradise","isPartOf":{"@id":"https:\/\/cyclingcambrils.com\/fr\/#website"},"primaryImageOfPage":{"@id":"https:\/\/cyclingcambrils.com\/fr\/ruta\/route-de-lest\/#primaryimage"},"image":{"@id":"https:\/\/cyclingcambrils.com\/fr\/ruta\/route-de-lest\/#primaryimage"},"thumbnailUrl":"https:\/\/cyclingcambrils.com\/wp-content\/uploads\/2022\/03\/salou-acantilados.jpg","datePublished":"2022-03-31T17:21:37+00:00","breadcrumb":{"@id":"https:\/\/cyclingcambrils.com\/fr\/ruta\/route-de-lest\/#breadcrumb"},"inLanguage":"fr-FR","potentialAction":[{"@type":"ReadAction","target":["https:\/\/cyclingcambrils.com\/fr\/ruta\/route-de-lest\/"]}]},{"@type":"ImageObject","inLanguage":"fr-FR","@id":"https:\/\/cyclingcambrils.com\/fr\/ruta\/route-de-lest\/#primaryimage","url":"https:\/\/cyclingcambrils.com\/wp-content\/uploads\/2022\/03\/salou-acantilados.jpg","contentUrl":"https:\/\/cyclingcambrils.com\/wp-content\/uploads\/2022\/03\/salou-acantilados.jpg","width":1600,"height":900},{"@type":"BreadcrumbList","@id":"https:\/\/cyclingcambrils.com\/fr\/ruta\/route-de-lest\/#breadcrumb","itemListElement":[{"@type":"ListItem","position":1,"name":"Portada","item":"https:\/\/cyclingcambrils.com\/fr\/"},{"@type":"ListItem","position":2,"name":"Route de l&#8217;Est"}]},{"@type":"WebSite","@id":"https:\/\/cyclingcambrils.com\/fr\/#website","url":"https:\/\/cyclingcambrils.com\/fr\/","name":"Cambrils Cycling Paradise","description":"Descubre el paraíso del ciclista","publisher":{"@id":"https:\/\/cyclingcambrils.com\/fr\/#organization"},"potentialAction":[{"@type":"SearchAction","target":{"@type":"EntryPoint","urlTemplate":"https:\/\/cyclingcambrils.com\/fr\/?s={search_term_string}"},"query-input":{"@type":"PropertyValueSpecification","valueRequired":true,"valueName":"search_term_string"}}],"inLanguage":"fr-FR"},{"@type":"Organization","@id":"https:\/\/cyclingcambrils.com\/fr\/#organization","name":"Cambrils Cycling Paradise","url":"https:\/\/cyclingcambrils.com\/fr\/","logo":{"@type":"ImageObject","inLanguage":"fr-FR","@id":"https:\/\/cyclingcambrils.com\/fr\/#\/schema\/logo\/image\/","url":"https:\/\/cyclingcambrils.com\/wp-content\/uploads\/2023\/04\/logo-cambrils-cycling-paradise.png","contentUrl":"https:\/\/cyclingcambrils.com\/wp-content\/uploads\/2023\/04\/logo-cambrils-cycling-paradise.png","width":600,"height":196,"caption":"Cambrils Cycling Paradise"},"image":{"@id":"https:\/\/cyclingcambrils.com\/fr\/#\/schema\/logo\/image\/"},"sameAs":["https:\/\/www.facebook.com\/CambrilsTurisme\/","https:\/\/www.instagram.com\/cambrilsturisme"]}]}</script>
<!-- / Yoast SEO plugin. -->

Contrairement à son homonyme de la Costa Daurada, la route de l'Est est destinée aux débutants, tant en termes de temps que de kilomètres. Idéal pour sortir et découvrir la beauté du littoral entre Cambrils, Salou et l'intérieur des terres en passant par Vila-seca. En 1 h 30, vous aurez certainement terminé. ;)

Descubre el paraíso del ciclista
